 of n?
4
Let g = 51 + -49. Let c = 74 + -39. Suppose 2*l = g*u + 14, 0*u + c = 5*l + u. What is the units digit of l?
7
Let s(o) be the third derivative of o**6/120 + o**5/60 + o**4/24 + 29*o**3 - 35*o**2. What is the hundreds digit of s(0)?
1
What is the hundreds digit of ((-64)/(-8) - 7) + 4 + 799?
8
Suppose 2*t = 7*t + 2810. Let w = -219 - t. Suppose 95 - w = -4*v. What is the units digit of v?
2
Let t(s) = -3*s - 1. Suppose 0 = -3*u - u - 16. Let w be t(u). What is the units digit of 0 - (3 + -1 - w)?
9
Let d(b) = -b**2 - 90*b + 66. What is the tens digit of d(-46)?
9
Suppose 7073 = -166*q + 177*q. What is the tens digit of q?
4
Let n be (4 - 5)/((-2)/(-178)). Let j = n - -230. What is the tens digit of j?
4
Suppose 0 = 2*u + 2, 5*n + 49 - 158 = -u. Let h(g) = -g**3 + g**2 + g - 2. Let t be h(3). Let c = t + n. What is the units digit of c?
5
Let g(n) = -909*n**3 + 3*n**2 + 9*n + 7. What is the units digit of g(-1)?
0
Suppose 120 = -5*c + 2035. What is the hundreds digit of c?
3
Let q = 58 - 23. Suppose -r - 8 = -q. What is the units digit of r?
7
Suppose -d = 5*v - 340, -1410 = -5*d - 5*v + 250. What is the tens digit of d?
3
Let y = 6239 + -4341. What is the tens digit of y?
9
Let g = 19 - 19. What is the tens digit of 18 - ((-1 - -3) + g)?
1
Let h be -1*(32/1)/(-4). Suppose 943 = h*b - 417. Let v = b + -115. What is the units digit of v?
5
Let u be 0 + -63*28/(-4). Suppose 104 - u = -3*o + 2*w, 0 = -o + 5*w + 121. What is the hundreds digit of o?
1
Let r(x) = -x**2 + 4*x + 1. Let t be r(4). What is the tens digit of ((-9)/(-15))/(t/35)?
2
Let c be ((-35)/(-28))/5 + (-58)/8. Let n(o) = -o + 19. Let i(f) = 4*f - 58. Let a(h) = 2*i(h) + 7*n(h). What is the units digit of a(c)?
0
Let h(o) = o**3 + 9*o**2 + 9*o - 5. Let z be h(-7). Suppose 0 = 26*v - z*v + 8. Suppose v*x - 44 = 54. What is the units digit of x?
9
Let r(p) = 2*p**3 - 6*p**2 + 2*p - 6. Let y(x) = 3*x - 9. Let n be y(11). Let l be ((-3)/2)/((-9)/n). What is the units digit of r(l)?
4
Let r(i) = i - 4. Let u be r(6). Suppose 5*n + 59 = -c - 0*c, -4*c - 200 = u*n. Let k = c - -87. What is the tens digit of k?
3
Let h = 4 - 5. Let m be (-1)/(-1)*1*h. What is the units digit of m + 37 + (-7 - -7)?
6
Suppose 12 = -v + 4*v. Let w = v + -1. Suppose -w*o - 4 = 4*y, -17 = o + 4*y - 5. What is the units digit of o?
4
Let n(d) = 27*d**2 - 4*d. Let w be (-3 - -3)/1 - -3. What is the hundreds digit of n(w)?
2
Suppose k + 3*r - 1493 = 2*r, -3*k + 4467 = -r. What is the thousands digit of k?
1
Let x(p) = 40 + 3*p**3 + 3*p**2 - 17 - 2*p**2 - 2*p**3. Let y be x(0). Let q = -9 + y. What is the tens digit of q?
1
Let n = 29 - -15. Suppose 0 = -2*j + 42 + n. What is the tens digit of j?
4
Suppose -2*i - d + 3047 = -2*d, -i = 4*d - 1501. What is the hundreds digit of i?
5
Let d(o) = -o**3 - 15*o**2 - 21*o - 3. Suppose -70 = 38*p - 33*p. What is the units digit of d(p)?
5
What is the tens digit of 0 + 3435 - (-3 - (-8 + 5))?
3
Let b(i) = 305*i - 628. What is the thousands digit of b(16)?
4
Suppose -8*m + 488 = -4*m. Suppose -2*g + 4*g = m. What is the tens digit of g?
6
Let o be (3/(-6 + 3)*-8)/2. Suppose -c + 225 = 4*n, o*n - 3*n + 5*c - 61 = 0. What is the tens digit of n?
5
Suppose -3*y - 3*r + r = -236, -5*y = 5*r - 400. Suppose -3*g = 4*c - 6*c - y, 0 = g + c - 17. What is the tens digit of g?
2
Let v(o) = 315*o + 79. What is the hundreds digit of v(3)?
0
Let m(h) = -37*h - 2 - 40*h - 31*h - 1. What is the hundreds digit of m(-1)?
1
Let c = 530 - 252. Suppose 2*a = -5*g + 181 + c, 4*a = -4*g + 948. What is the units digit of a?
2
Suppose 37*f - 145356 - 14521 = 0. What is the thousands digit of f?
4
Let n be 1/(-2)*-1*10. Let p = -15 + n. What is the tens digit of (-1 + 2)/(p/(-410))?
4
Suppose -280 = -2*w - 5*w. Let z = 44 - w. What is the units digit of z?
4
Let z = 11 + 1. Let k be ((-4)/6)/(1/z). What is the tens digit of (126/(-4))/(6/k)?
4
Let k = 35 - 33. Let h(c) = 39*c + 1. What is the tens digit of h(k)?
7
Let r(n) be the second derivative of -3*n**3/2 - 7*n**2/2 - n. Let q(c) = c**3 - 2*c**2 - 6*c + 3. Let i be q(3). What is the units digit of r(i)?
7
Let u(r) = r**2 - r + 3. Let w be u(0). Let l = -252 + 256. Suppose -l*j + w*j + 15 = 0. What is the units digit of j?
5
Let w(a) = -a**2 + 8*a - 2. Let q be w(8). Let t(b) = -b. Let n be t(q). What is the tens digit of 3 + (9 - (n + -1))?
1
Suppose -4*w + 1440 = -100. What is the units digit of w?
5
Suppose 487*x - 1612 = 485*x - 4*v, -3*x = -5*v - 2396. What is the units digit of x?
2
Let u(a) = -a + 2. Let y be u(0). Let g be (-100)/(-36) - y/(-9). Let f(x) = 8*x**2 + 7. What is the tens digit of f(g)?
7
Let r be 6/(5/((-105)/(-6))). Suppose 2*g + 35 + r = 0. What is the tens digit of g/(5/(15/(-6)))?
1
Let l(z) = z**2 + 3*z + 13. Let m be l(-14). Suppose 0 = b - m + 41. What is the tens digit of b?
2
Let q = 24 - 38. Let d be 24/16*16/6. Let w = d - q. What is the tens digit of w?
1
Let k = 62 + -56. What is the tens digit of (-3)/(-1)*392/k?
9
Suppose -1031 = -5*k - 5*u + 1999, 0 = -4*k + 2*u + 2406. What is the tens digit of k?
0
Suppose -2*g + 9 = 5. Suppose 288 = 5*j - j - g*i, 202 = 3*j - 5*i. What is the units digit of j?
4
Suppose 18*s - 11800 - 2600 = 0. What is the hundreds digit of s?
8
Let i(c) = -c**3 + 6*c**2 + 4*c. Suppose -2*g = -m - 16, -4*m - 34 = -0*g - 3*g. Let x be i(g). What is the units digit of (16/x)/((-2)/(-57))?
9
Let c be 3 + (-4)/(-1*4). Suppose -p + 8 = c*q - 5, 4*q = 5*p - 137. Let o = p - 0. What is the units digit of o?
5
Let b = 0 - -5. Suppose -s - b*y + 7 - 2 = 0, -28 = -2*s - y. What is the units digit of (s/2)/(27/72)?
0
Suppose 10*b - 2097 = 2203. What is the hundreds digit of b?
4
Let i be ((-230)/4)/((-2)/4). Let m = i + -68. What is the units digit of m?
7
Let o(a) be the second derivative of -a**4/12 + a**3 + a**2 + 5*a. Let c be 1 - 0/(-2) - -4. What is the units digit of o(c)?
7
Suppose r = -t + 14, 0*r = -3*t + 3*r + 18. Let d(k) = -9*k + 29. Let j be d(2). Let o = j - t. What is the units digit of o?
1
What is the thousands digit of ((-10280)/50)/((-48)/15 - -3)?
1
Let z = -6 + -4. Let q be (-1*2)/(z/15). What is the units digit of (30/20)/(q/4)?
2
Let w(j) = j + 2*j**2 + 10 + j**3 + 10*j**2 - 3*j. Suppose 25*z + 120 = 15*z. What is the units digit of w(z)?
4
Let w = -26 + 52. Suppose w = b - 0*b. Suppose 2*v = v + b. What is the tens digit of v?
2
Let q(o) = 4*o**2 + o - 2. Let m be q(2). Let v be (-14)/(-4) + 4/(-8). What is the units digit of (m - v/3) + -3?
2
Let c(b) = b**3 - 10*b**2 + 15*b + 1. What is the units digit of c(11)?
7
Let f = 4 + 1. Suppose 247 = 3*a - z, -6*a = -a + f*z - 405. What is the tens digit of a?
8
Let s(y) = y**3 + 29*y**2 + 5*y - 34. What is the thousands digit of s(-26)?
1
Let s(a) = -a**2 - 10*a - 2. Let o be s(-8). Let n = -10 + o. Suppose -2*d = -2*h + d + 18, -n*h + 30 = -3*d. What is the units digit of h?
6
Let p(k) = -6*k**2 - 3*k + 5. Let o be p(6). Let h = -64 - o. Suppose 5*r + 3*v - h = -24, -9 = 3*v. What is the tens digit of r?
3
Suppose -5*z + 1 = -4*z. What is the tens digit of 4 + (17 - (-1 - z))?
2
Let l = 766 + -306. What is the units digit of l?
0
Let t(d) = -5*d**2 + 77*d + 60. Let k(y) = -3*y**2 + 51*y + 40. Let s(z) = -8*k(z) + 5*t(z). What is the units digit of s(-10)?
0
Let u(m) = 2*m - 4. Let j be u(-4). Let p(q) = q**3 + 12*q**2 - q - 12. Let z be p(j). Suppose 2*y - 21 + 1 = z. What is the units digit of y?
0
Let q = 5 - 3. Let c be q*(-10 + 3) - 0. Let g = -7 - c. What is the units digit of g?
7
Let r = 15 + 97. What is the units digit of r?
2
Let g(i) = 14*i**3 + 26*i**2 + 5. Let a(h) = 5*h**3 + 9*h**2 + 2. Let f(s) = -11*a(s) + 4*g(s). Let y be f(-5). What is the units digit of (-65)/y + 9/(-18)?
2
Let z = 54 + 2292. What is the hundreds digit of z?
3
What is the tens digit of -7 - (-4240)/45 - (-4)/(-18)?
8
Let s(x) = 467*x - 6. What is the hundreds digit of s(1)?
4
Suppose -15*q = 3*q - 7344. What is the tens digit of q?
0
Let o(k) = -k + 4. Let p be o(-7). Let m = 9 - p. What is the units digit of (-26)/m + -3 + 3?
3
Let f be (-1 - -3)/2 - (-11 + -1). Suppose -4*t = -537 + f. What is the tens digit of t?
3
Suppose o = 2*v - v + 6, -4*v + 6 = o. Let y be 2 + (-4)/o*-3. Suppose -n + 22 = -j, -y*n + j = -2*n - 44. What is t